usands digit of 510845?
1
What is the tens digit of 10732743?
4
What is the ten thousands digit of 1762360?
6
What is the hundred thousands digit of 240314?
2
What is the hundreds digit of 592208?
2
What is the hundred thousands digit of 2974948?
9
What is the ten thousands digit of 864698?
6
What is the thousands digit of 3141056?
1
What is the hundreds digit of 7903096?
0
What is the thousands digit of 316270?
6
What is the millions digit of 17707162?
7
What is the hundreds digit of 281185?
1
What is the thousands digit of 1653743?
3
What is the ten thousands digit of 795527?
9
What is the thousands digit of 8574225?
4
What is the thousands digit of 1519259?
9
What is the hundred thousands digit of 363493?
3
What is the millions digit of 1369284?
1
What is the tens digit of 117355?
5
What is the tens digit of 1256559?
5
What is the thousands digit of 328202?
8
What is the tens digit of 93251?
5
What is the ten thousands digit of 327064?
2
What is the thousands digit of 2966765?
6
What is the thousands digit of 125716?
5
What is the hundreds digit of 929513?
5
What is the ten thousands digit of 668451?
6
What is the tens digit of 447625?
2
What is the hundreds digit of 21817777?
7
What is the hundred thousands digit of 4645615?
6
What is the thousands digit of 947474?
7
What is the hundreds digit of 360943?
9
What is the hundred thousands digit of 2324156?
3
What is the tens digit of 362848?
4
What is the tens digit of 41494?
9
What is the hundreds digit of 7715385?
3
What is the tens digit of 3168715?
1
What is the units digit of 2947498?
8
What is the millions digit of 4164304?
4
What is the ten thousands digit of 493139?
9
What is the hundred thousands digit of 1754379?
7
What is the tens digit of 287761?
6
What is the ten thousands digit of 23526444?
2
What is the thousands digit of 278344?
8
What is the ten thousands digit of 162573?
6
What is the hundreds digit of 116737?
7
What is the tens digit of 111320?
2
What is the tens digit of 406116?
1
What is the ten thousands digit of 81943?
8
What is the millions digit of 1388798?
1
What is the units digit of 157940?
0
What is the tens digit of 10099915?
1
What is the tens digit of 206011?
1
What is the tens digit of 1059314?
1
What is the tens digit of 108246?
4
What is the tens digit of 9907162?
6
What is the thousands digit of 322588?
2
What is the hundreds digit of 750644?
6
What is the hundred thousands digit of 431352?
4
What is the thousands digit of 1599132?
9
What is the hundred thousands digit of 690885?
6
What is the units digit of 265696?
6
What is the tens digit of 370010?
1
What is the thousands digit of 430560?
0
What is the hundred thousands digit of 6753940?
7
What is the hundreds digit of 91213?
2
What is the hundreds digit of 1187508?
5
What is the units digit of 857896?
6
What is the tens digit of 409682?
8
What is the thousands digit of 368433?
8
What is the hundreds digit of 1374820?
8
What is the ten thousands digit of 12347698?
4
What is the ten millions digit of 29804757?
2
What is the units digit of 16768763?
3
What is the hundred thousands digit of 193199?
1
What is the tens digit of 10974?
7
What is the units digit of 94447?
7
What is the units digit of 465319?
9
What is the thousands digit of 1525448?
5
What is the ten thousands digit of 8913566?
1
What is the tens digit of 873719?
1
What is the ten thousands digit of 37584?
3
What is the tens digit of 614609?
0
What is the millions digit of 20410219?
0
What is the thousands digit of 239399?
9
What is the units digit of 5227581?
1
What is the tens digit of 2571488?
8
What is the tens digit of 539962?
6
What is the tens digit of 336076?
7
What is the hundreds digit of 258914?
9
What is the ten millions digit of 27948747?
2
What is the millions digit of 1155976?
1
What is the ten thousands digit of 24578451?
7
What is the units digit of 2911792?
2
What is the hundreds digit of 590807?
8
What is the ten thousands digit of 650416?
5
What is the thousands digit of 1049037?
9
What is the hundreds digit of 6465981?
9
What is the hundreds digit of 3300730?
7
What is the millions digit of 11232157?
1
What is the ten thousands digit of 37199197?
9
What is the units digit of 2045029?
9
What is the ten millions digit of 11616604?
1
What is the units digit of 727?
7
What is the ten thousands digit of 3440021?
4
What is the thousands digit of 7893403?
3
What is the hundreds digit of 391816?
8
What is the tens digit of 3774891?
9
What is the tens digit of 3175771?
7
What is the units digit of 245921?
1
What is the tens digit of 13471734?
3
What is the tens digit of 17968?
6
What is the hundreds digit of 1215879?
8
What is the hundred thousands digit of 2680355?
6
What is the tens digit of 209978?
7
What is the ten thousands digit of 348347?
4
What is the units digit of 287472?
2
What is the ten thousands digit of 207824?
0
What is the hundreds digit of 13866181?
1
What is the tens digit of 18433461?
6
What is the hundred thousands digit of 1340289?
3
What is the units digit of 5497581?
1
What is the millions digit of 1001311?
1
What is the units digit of 5633485?
5
What is the hundred thousands digit of 109080?
1
What is the millions digit of 1509130?
1
What is the hundreds digit of 12299678?
6
What is the hundreds digit of 188167?
1
What is the hundred thousands digit of 411040?
4
What is the ten thousands digit of 194857?
9
What is the units digit of 1551881?
1
What is the units digit of 594882?
2
What is the hundred thousands digit of 472553?
4
What is the millions digit of 6711456?
6
What is the hundred thousands digit of 506427?
5
What is the ten thousands digit of 335821?
3
What is the tens digit of 841317?
1
What is the hundreds digit of 582455?
4
What is the thousands digit of 6907490?
7
What is the ten millions digit of 20195419?
2
What is the tens digit of 477375?
7
What is the millions digit of 37040777?
7
What is the ten thousands digit of 1831076?
3
What is the ten millions digit of 18896270?
1
What is the units digit of 3485069?
9
What is the thousands digit of 23761666?
1
What is the tens digit of 4659791?
9
What is the thousands digit of 119953?
9
What is the thousands digit of 1697605?
7
What is the ten thousands digit of 2155661?
5
What is the hundred thousands digit of 2728601?
7
What is the tens digit of 1006052?
5
What is the thousands digit of 1260252?
0
What is the ten thousands digit of 1069077?
6
What is the hundreds digit of 19654790?
7
What is the tens digit of 20084066?
6
What is the ten thousands digit of 16617525?
1
What is the thousands digit of 429544?
9
What is the ten thousands digit of 164367?
6
What is the hundreds digit of 373159?
1
What is the ten thousands digit of 18089?
1
What is the hundred thousands digit of 17305622?
3
What is the thousands digit of 261697?
1
What is the units digit of 1945404?
4
What is the units digit of 61381?
1
What is the millions digit of 33217932?
3
What is the hundred thousands digit of 24007494?
0
What is the hundreds digit of 1962432?
4
What is the thousands digit of 7482502?
2
What is the millions digit of 2898270?
2
What is the hundreds digit of 34127?
1
What is the tens digit of 158292?
9
What is the hundreds digit of 4145824?
8
What is the tens digit of 34506877?
7
What is the ten thousands digit of 2948260?
4
What is the millions digit of 16757126?
6
What is the tens digit of 98889?
8
What is the hundred thousands digit of 1113295?
1
What is the units digit of 842368?
8
What is the ten thousands digit of 219823?
1
What is the thousands digit of 5350300?
0
What is the hundreds digit of 186647?
6
What is the tens digit of 1347857?
5
What is the units digit of 8831826?
6
What is the millions digit of 3675540?
3
What is the hundreds digit of 5470577?
5
What is the millions digit of 6236272?
6
What is the hundred thousands digit of 567324?
5
What is the tens digit of 12490605?
0
What is the ten thousands digit of 2459958?
5
What is the thousands digit of 79674?
9
What is the ten thousands digit of 3872739?
7
What is the ten thousands digit of 537201?
3
What is the tens digit of 326978?
7
What is the units digit of 4150437?
7
What is the tens digit of 6424448?
4
What is the hundreds digit of 8309938?
9
What is the units digit of 8171511?
1
What is the te